 + -1 + 4)?
109
Suppose 8*z + 19049 - 46881 = 0. What are the prime factors of z?
7, 71
Let n(j) = -91*j**2 + 5*j - 2. Let a(f) = -92*f**2 + 4*f - 1. Let q(c) = 4*a(c) - 3*n(c). Let s be q(-1). What are the prime factors of ((-2)/2)/(2/s)?
47
Suppose 2*h - 12 = -2*h. Let p be 0/1 - (-10)/5. Suppose -h*c - 109 = -5*i + 36, -2*i - p*c + 58 = 0. What are the prime factors of i?
29
Suppose -552*y = -534*y - 26514. List the prime factors of y.
3, 491
Let i = 25 - 7. Suppose -4*r - 21 = -3*a, 5*a = r - 0*r + i. Suppose l - 3 = -a*b + 66, 0 = -5*b + 2*l + 115. What are the prime factors of b?
23
Suppose 5*c + 0*c = -4*i + 68, 5*i = c + 85. Let m = 0 + i. List the prime factors of m.
17
Suppose 3*i + 2296 = 4*s - i, i - 578 = -s. List the prime factors of s.
2, 3
Let u = 50 - 48. List the prime factors of 508*u/4 + -4.
2, 5
Let t = -20 - -25. List the prime factors of ((-57)/6)/(t/(-10)).
19
Let i = -98 - -142. Suppose d - i = -2*w + 49, -15 = -3*d. What are the prime factors of w?
2, 11
Let s = 193 + -293. Let y be (-3)/4 - 591/(-4). Let g = s + y. List the prime factors of g.
47
Let f(i) = 14*i**3 - 17*i**2 + 10*i + 32. List the prime factors of f(6).
2, 313
Let b(t) = -6*t**3 + 5*t**2 + 10*t + 15. What are the prime factors of b(-3)?
2, 3
Suppose -449 = -33*h + 16282. What are the prime factors of h?
3, 13
Suppose -12 = -0*w - 3*w. Suppose 32 = w*p - 3*p. Suppose 4*y - 4*o = p - 0, -3*o = -y + 2. What are the prime factors of y?
11
Let o = -34 - -26. Let c be (-4)/3 + o/12. List the prime factors of (c/(-3))/(38/741).
13
Let m(h) = -257*h + 295. What are the prime factors of m(-5)?
2, 5, 79
Let b be -5*3/(-15)*13. Let k = b + -9. Suppose 3*u + 20 = k*u. What are the prime factors of u?
2, 5
Suppose 2*b - 4049 = -411. What are the prime factors of b?
17, 107
Let d = -1 - -21. Let c = d + -15. Suppose 2*u - 3*f + 69 = 5*u, -3*u - c*f + 61 = 0. What are the prime factors of u?
3
Let m(k) = 3*k**2 - 6*k + 6. Suppose -q - 48 = 5*q. List the prime factors of m(q).
2, 3, 41
Let f = 543 - -2259. What are the prime factors of f?
2, 3, 467
Suppose -2*g = -2*r - 4, r - 3*g = -r - 4. Let a = 4 + r. What are the prime factors of (2 + 2)/(a/7)?
2, 7
Suppose 0 = -6*a + 27 + 15. Let o(b) be the third derivative of b**6/120 - b**5/10 - b**4/6 + b**3 - b**2. What are the prime factors of o(a)?
3
Let d = 134 - -131. Suppose d = 6*l - l. Let g = 98 - l. List the prime factors of g.
3, 5
Suppose 2*r - 5 - 3 = 0. Suppose 5*t = -m + 25, 3*m - 27 = -r*t + t. List the prime factors of t + 1 - 4 - -32.
3, 11
Let b(k) = 5*k**2 + 28*k + 49. Let f be b(-18). Suppose 0*m = -5*a - 3*m + 1149, -5*a = -5*m - f. What are the prime factors of a?
3, 7, 11
Let j(o) = 5*o**2 - 3*o + 2. Let b be j(2). What are the prime factors of 33 + 1 + (-48)/b?
31
Suppose 2*j = -9323 + 18257. List the prime factors of j.
3, 1489
Let v(q) = q**2 + 3*q + 1. Let z be v(-2). Let s(u) be the third derivative of -11*u**4/12 - u**3/6 + 2*u**2. What are the prime factors of s(z)?
3, 7
Let n(t) = t**3 - 7*t**2 + 10*t + 1. Suppose 14*u = 52 + 46. List the prime factors of n(u).
71
Let t(d) = d**3 - 25*d**2 + 19*d - 2. What are the prime factors of t(26)?
2, 73
Let a(c) = 3*c**2 + 1. Let t be a(-1). Suppose 308 = t*x - 4*g, 5*x - 2*g - 232 = 2*x. List the prime factors of x.
2, 3, 13
Let y(t) = 11*t**2 - 3*t + 2. Let g be y(2). Suppose -16 = -4*c - g. What are the prime factors of (-3)/(c/16) - 4?
2
What are the prime factors of -9 - 996/(-108) - (-41144)/18?
2, 3, 127
Let m(p) = 2*p**3 + 3*p**2 - 2. Let k be m(-3). Let u = -9 - k. List the prime factors of u.
2, 5
Let b = 13 + -9. Suppose -6 = 2*i + b. List the prime factors of -4*1/10*i.
2
Let c = -341 - -460. List the prime factors of c.
7, 17
Suppose -3*b - 5*a - 31 = -4*a, 4 = -a. List the prime factors of (-443)/b + (-11)/(594/12).
7
Let w = -27 + 29. Suppose w*d + f - 27 = -2, d = 2*f + 25. Let h = -6 + d. What are the prime factors of h?
3
Let y(i) = 21*i**2 - i. Let w be y(-2). What are the prime factors of -2 + -2 + w*1?
2, 41
Let i = 462 - -147. What are the prime factors of i?
3, 7, 29
Let d(j) = 4*j + 6. Let h be d(7). Suppose 12*l - 18*l - 192 = 0. Let z = h + l. What are the prime factors of z?
2
Let p(h) = -h + 10. Let q be p(8). Let c(t) = -42*t + 7. Let z(n) = -147*n + 24. Let g(s) = -18*c(s) + 5*z(s). List the prime factors of g(q).
2, 3
Let f = 154 + 132. Let x = f - 108. List the prime factors of x.
2, 89
Suppose -205*w + 1215 = -196*w. List the prime factors of w.
3, 5
Let s(f) = 52*f - 85. List the prime factors of s(7).
3, 31
Suppose 5*q - 57 = 883. Suppose 5*m = -4*k + 217, -4*k + 0*k = -4*m + q. List the prime factors of m.
3, 5
Let k = -25 + 74. List the prime factors of k.
7
Let j(x) = x**3 - 3*x**2 - 8*x + 20. Let i be j(5). Suppose 0*l - l = -i. List the prime factors of l.
2, 3, 5
Let p(d) = -d + 13. Let k be p(10). Suppose -k*i + 67 - 221 = -5*v, 3*v = -5*i + 72. Suppose -5*o + v = 4. List the prime factors of o.
5
Suppose 0 = -4*t - 4*p + 20, -t - 3*t + 5*p + 20 = 0. Suppose d + 3*q = t, d - 6*q + 1 = -3*q. What are the prime factors of (d - -3)*(-3 + 4)?
5
Suppose 12121 - 92303 = -47*m. What are the prime factors of m?
2, 853
Suppose 133 = 8*c - 363. List the prime factors of c.
2, 31
Let j be (-1 - -6) + -2 + 59. Suppose j = 3*f - 199. What are the prime factors of f?
3, 29
Suppose -4*r - 472 = -k + 219, 2827 = 4*k + 5*r. What are the prime factors of k?
19, 37
Suppose 0 = 3*k + 3*j - 3, 4*k - 7*j + 14 = -2*j. List the prime factors of (-5)/7 - k - (-7128)/42.
2, 5, 17
Suppose -19*q + 5047 = -26. List the prime factors of q.
3, 89
Suppose -4*y + 3*f + 8350 = -0*f, 10 = 5*f. List the prime factors of y.
2089
Suppose -4*j + n - 3*n + 2126 = 0, 0 = -j + n + 533. List the prime factors of j.
2, 7, 19
Suppose -4*j = 12 - 4. What are the prime factors of (17/j)/((-2)/20)?
5, 17
Let v be -11 - -14 - (-44)/1. Suppose 5*a - v = 3*s, 5*a + s - 10 = 21. Suppose -a*o = -73 - 214. List the prime factors of o.
41
Suppose 19*l + 9619 = 24*l - 2*k, 0 = 5*l + 2*k - 9611. List the prime factors of l.
3, 641
Let a be (-5985)/55 - (-4)/(-22). Let i = -46 - a. List the prime factors of i.
3, 7
What are the prime factors of (-15)/2*324/(-5)?
2, 3
Suppose 0 = -r - 2. Let d be 4 + (r + 1)*-31. Suppose -f = 3*b - d, -2*f - 2*b + b = -80. List the prime factors of f.
41
Suppose -b + 0*b = 0. Let o(p) = -p**3 + 132. Let a be o(b). Suppose 4*v + 60 = 3*y, 3*v - 7*v + a = 5*y. What are the prime factors of y?
2, 3
Let v(u) = -5*u**2 + 2*u - 1. Let t be v(1). Let g(y) = -y**3 + y**2 - 3*y + 5. List the prime factors of g(t).
97
Suppose 25 = -4*g - 5*q, -5*g = -q - 5 - 0. Let x = 9 - 2. Suppose g*b - 1 = b, -b = -3*m + x. List the prime factors of m.
2
Let f = 0 - -4. Suppose f*u - 2*z = -6, 0 = -5*u + z - 6*z + 15. Suppose u = s - 3*s + 38. What are the prime factors of s?
19
Let z(a) = 4*a + 20. Let f be z(7). Suppose -4*w + f + 188 = 0. What are the prime factors of w?
59
Let o(b) = b**2 + 16*b - 3. Suppose 4*x - 2*z = 200, 0 = -0*x - 2*x + 2*z + 98. Suppose -5*p - x = 3*t, 3*t - p = 2*t - 17. List the prime factors of o(t).
2, 7
Suppose 3*f + 0*f + 2*i = -241, 2*f - 2*i + 144 = 0. Let q = -92 + 39. Let j = q - f. What are the prime factors of j?
2, 3
Let k = -65 - -115. List the prime factors of k.
2, 5
Suppose -3*z + 231 = 4*z. Let d = 326 - z. What are the prime factors of d?
293
Suppose -32313 - 16932 = -15*v. List the prime factors of v.
7, 67
Suppose 0 = -c - c - 12. Let o = c - -6. Suppose -4*a + 9*a - 240 = o. What are the prime factors of a?
2, 3
What are the prime factors of (16/(-12))/((-2)/621) - -4?
2, 11, 19
Suppose -4*i + 10*a - 15 = 5*a, -9 = 4*i - 3*a. Suppose -2*f + 2*d + 250 = i, 5*f = -0*f + 2*d + 619. What are the prime factors of f?
3, 41
Suppose -36 = 2*j - 8*j. Suppose -j*c + 116 = -370. List the prime factors of c.
3
Suppose 0 = 6*v - 4*v. Suppose -3*k + 4*n + 163 = -167, v = 5*k + 2*n - 524. List the prime factors of k.
2, 53
Suppose 0 = w - 3*w + 164. Let t = w + -142. Let s = t - -100. List the prime factors of s.
2, 5
Let u be 1*(2 + -3 + -12). Let d = -11 - u. What are the prime factors of (28 - d) + 5/5?
3
Let y be 1 + 10 + 1 + -1. Suppose -w = 8*w + 45. Let k = w + y. What are the prime factors of k?
2, 3
Let h = 14 